[INFO] cloning repository https://github.com/ananas-block/altbn128_syscall_benches
[INFO] running `Command { std: "git" "-c" "credential.helper=" "-c" "credential.helper=/workspace/cargo-home/bin/git-credential-null" "clone" "--bare" "https://github.com/ananas-block/altbn128_syscall_benches" "/workspace/cache/git-repos/https%3A%2F%2Fgithub.com%2Fananas-block%2Faltbn128_syscall_benches", kill_on_drop: false }`
[INFO] [stderr] Cloning into bare repository '/workspace/cache/git-repos/https%3A%2F%2Fgithub.com%2Fananas-block%2Faltbn128_syscall_benches'...
[INFO] running `Command { std: "git" "rev-parse" "HEAD", kill_on_drop: false }`
[INFO] [stdout] 25769eea246b9a4bf9a3ac91c785b3e956693640
[INFO] checking ananas-block/altbn128_syscall_benches against master#e6e4f7ed1589e03bc2f6c5931c1a72e7947e8682 for beta-170-4
[INFO] running `Command { std: "git" "clone" "/workspace/cache/git-repos/https%3A%2F%2Fgithub.com%2Fananas-block%2Faltbn128_syscall_benches" "/workspace/builds/worker-0-tc2/source", kill_on_drop: false }`
[INFO] [stderr] Cloning into '/workspace/builds/worker-0-tc2/source'...
[INFO] [stderr] done.
[INFO] validating manifest of git repo https://github.com/ananas-block/altbn128_syscall_benches on toolchain e6e4f7ed1589e03bc2f6c5931c1a72e7947e8682
[INFO] running `Command { std: CARGO_HOME="/workspace/cargo-home" RUSTUP_HOME="/workspace/rustup-home" "/workspace/cargo-home/bin/cargo" "+e6e4f7ed1589e03bc2f6c5931c1a72e7947e8682" "metadata" "--manifest-path" "Cargo.toml" "--no-deps", kill_on_drop: false }`
[INFO] started tweaking git repo https://github.com/ananas-block/altbn128_syscall_benches
[INFO] finished tweaking git repo https://github.com/ananas-block/altbn128_syscall_benches
[INFO] tweaked toml for git repo https://github.com/ananas-block/altbn128_syscall_benches written to /workspace/builds/worker-0-tc2/source/Cargo.toml
[INFO] crate git repo https://github.com/ananas-block/altbn128_syscall_benches already has a lockfile, it will not be regenerated
[INFO] running `Command { std: CARGO_HOME="/workspace/cargo-home" RUSTUP_HOME="/workspace/rustup-home" "/workspace/cargo-home/bin/cargo" "+e6e4f7ed1589e03bc2f6c5931c1a72e7947e8682" "fetch" "--manifest-path" "Cargo.toml", kill_on_drop: false }`
[INFO] running `Command { std: "docker" "create" "-v" "/var/lib/crater-agent-workspace/builds/worker-0-tc2/target:/opt/rustwide/target:rw,Z" "-v" "/var/lib/crater-agent-workspace/builds/worker-0-tc2/source:/opt/rustwide/workdir:ro,Z" "-v" "/var/lib/crater-agent-workspace/cargo-home:/opt/rustwide/cargo-home:ro,Z" "-v" "/var/lib/crater-agent-workspace/rustup-home:/opt/rustwide/rustup-home:ro,Z" "-e" "SOURCE_DIR=/opt/rustwide/workdir" "-e" "CARGO_TARGET_DIR=/opt/rustwide/target" "-e" "CARGO_HOME=/opt/rustwide/cargo-home" "-e" "RUSTUP_HOME=/opt/rustwide/rustup-home" "-w" "/opt/rustwide/workdir" "-m" "1610612736" "--user" "0:0" "--network" "none" "ghcr.io/rust-lang/crates-build-env/linux@sha256:19e73879b68f455e41552ea35293514db52ea292d993f571636dbffedb77a1ee" "/opt/rustwide/cargo-home/bin/cargo" "+e6e4f7ed1589e03bc2f6c5931c1a72e7947e8682" "metadata" "--no-deps" "--format-version=1", kill_on_drop: false }`
[INFO] [stdout] faaef4bf3de6041812fbfcb88ade291dee80c4d8a780160836aee79a97eb88f5
[INFO] running `Command { std: "docker" "start" "-a" "faaef4bf3de6041812fbfcb88ade291dee80c4d8a780160836aee79a97eb88f5", kill_on_drop: false }`
[INFO] running `Command { std: "docker" "inspect" "faaef4bf3de6041812fbfcb88ade291dee80c4d8a780160836aee79a97eb88f5", kill_on_drop: false }`
[INFO] running `Command { std: "docker" "rm" "-f" "faaef4bf3de6041812fbfcb88ade291dee80c4d8a780160836aee79a97eb88f5", kill_on_drop: false }`
[INFO] [stdout] faaef4bf3de6041812fbfcb88ade291dee80c4d8a780160836aee79a97eb88f5
[INFO] running `Command { std: "docker" "create" "-v" "/var/lib/crater-agent-workspace/builds/worker-0-tc2/target:/opt/rustwide/target:rw,Z" "-v" "/var/lib/crater-agent-workspace/builds/worker-0-tc2/source:/opt/rustwide/workdir:ro,Z" "-v" "/var/lib/crater-agent-workspace/cargo-home:/opt/rustwide/cargo-home:ro,Z" "-v" "/var/lib/crater-agent-workspace/rustup-home:/opt/rustwide/rustup-home:ro,Z" "-e" "SOURCE_DIR=/opt/rustwide/workdir" "-e" "CARGO_TARGET_DIR=/opt/rustwide/target" "-e" "CARGO_INCREMENTAL=0" "-e" "RUST_BACKTRACE=full" "-e" "RUSTFLAGS=--cap-lints=forbid" "-e" "RUSTDOCFLAGS=--cap-lints=forbid" "-e" "CARGO_HOME=/opt/rustwide/cargo-home" "-e" "RUSTUP_HOME=/opt/rustwide/rustup-home" "-w" "/opt/rustwide/workdir" "-m" "1610612736" "--user" "0:0" "--network" "none" "ghcr.io/rust-lang/crates-build-env/linux@sha256:19e73879b68f455e41552ea35293514db52ea292d993f571636dbffedb77a1ee" "/opt/rustwide/cargo-home/bin/cargo" "+e6e4f7ed1589e03bc2f6c5931c1a72e7947e8682" "check" "--frozen" "--all" "--all-targets" "--message-format=json", kill_on_drop: false }`
[INFO] [stdout] 906116d7d2c71e5e56ee32d52d04a36c916ceda08d0823a87684dd91e2dbfd3e
[INFO] running `Command { std: "docker" "start" "-a" "906116d7d2c71e5e56ee32d52d04a36c916ceda08d0823a87684dd91e2dbfd3e", kill_on_drop: false }`
[INFO] [stderr]     Blocking waiting for file lock on package cache
[INFO] [stderr]    Compiling proc-macro2 v1.0.32
[INFO] [stderr]    Compiling syn v1.0.91
[INFO] [stderr]    Compiling libc v0.2.117
[INFO] [stderr]    Compiling version_check v0.9.3
[INFO] [stderr]    Compiling memchr v2.4.1
[INFO] [stderr]    Compiling serde_derive v1.0.133
[INFO] [stderr]    Compiling serde v1.0.133
[INFO] [stderr]    Compiling log v0.4.14
[INFO] [stderr]    Compiling typenum v1.14.0
[INFO] [stderr]     Checking ppv-lite86 v0.2.15
[INFO] [stderr]    Compiling semver v1.0.7
[INFO] [stderr]    Compiling generic-array v0.14.4
[INFO] [stderr]     Checking once_cell v1.8.0
[INFO] [stderr]    Compiling quote v1.0.10
[INFO] [stderr]     Checking byteorder v1.4.3
[INFO] [stderr]    Compiling jobserver v0.1.24
[INFO] [stderr]    Compiling cc v1.0.71
[INFO] [stderr]     Checking either v1.6.1
[INFO] [stderr]    Compiling rustc_version v0.4.0
[INFO] [stderr]     Checking itoa v0.4.8
[INFO] [stderr]    Compiling num-traits v0.2.14
[INFO] [stderr]     Checking aho-corasick v0.7.18
[INFO] [stderr]     Checking base64 v0.13.0
[INFO] [stderr]    Compiling getrandom v0.1.16
[INFO] [stderr]     Checking subtle v2.4.1
[INFO] [stderr]     Checking ryu v1.0.5
[INFO] [stderr]     Checking getrandom v0.2.3
[INFO] [stderr]     Checking num_cpus v1.13.1
[INFO] [stderr]     Checking rand_core v0.6.3
[INFO] [stderr]    Compiling serde_json v1.0.72
[INFO] [stderr]    Compiling lazy_static v1.4.0
[INFO] [stderr]     Checking rand_core v0.5.1
[INFO] [stderr]     Checking rand_chacha v0.3.1
[INFO] [stderr]     Checking regex v1.5.5
[INFO] [stderr]     Checking block-padding v0.2.1
[INFO] [stderr]     Checking atty v0.2.14
[INFO] [stderr]     Checking rand v0.8.4
[INFO] [stderr]     Checking opaque-debug v0.3.0
[INFO] [stderr]     Checking rand_chacha v0.2.2
[INFO] [stderr]     Checking rand_pcg v0.2.1
[INFO] [stderr]    Compiling crunchy v0.2.2
[INFO] [stderr]     Checking rand v0.7.3
[INFO] [stderr]     Checking cpufeatures v0.2.1
[INFO] [stderr]     Checking termcolor v1.1.2
[INFO] [stderr]     Checking humantime v2.1.0
[INFO] [stderr]    Compiling num-integer v0.1.44
[INFO] [stderr]    Compiling num-bigint v0.4.2
[INFO] [stderr]    Compiling feature-probe v0.1.1
[INFO] [stderr]    Compiling rustversion v1.0.5
[INFO] [stderr]    Compiling digest v0.9.0
[INFO] [stderr]    Compiling bv v0.11.1
[INFO] [stderr]    Compiling ucd-trie v0.1.3
[INFO] [stderr]    Compiling libsecp256k1-core v0.2.2
[INFO] [stderr]    Compiling pest v2.1.3
[INFO] [stderr]     Checking arrayref v0.3.6
[INFO] [stderr]     Checking pin-project-lite v0.2.7
[INFO] [stderr]     Checking time v0.1.43
[INFO] [stderr]    Compiling solana-frozen-abi-macro v1.9.22 (/opt/rustwide/workdir/frozen-abi/macro)
[INFO] [stderr]    Compiling wasm-bindgen-shared v0.2.78
[INFO] [stderr]     Checking constant_time_eq v0.1.5
[INFO] [stderr]     Checking ahash v0.4.7
[INFO] [stderr]    Compiling libsecp256k1-gen-genmult v0.2.1
[INFO] [stderr]    Compiling libsecp256k1-gen-ecmult v0.2.1
[INFO] [stderr]    Compiling semver-parser v0.10.2
[INFO] [stderr]     Checking base64 v0.12.3
[INFO] [stderr]     Checking hashbrown v0.9.1
[INFO] [stderr]     Checking keccak v0.1.0
[INFO] [stderr]     Checking env_logger v0.9.0
[INFO] [stderr]     Checking ark-std v0.3.0
[INFO] [stderr]     Checking rand v0.4.6
[INFO] [stderr]     Checking itertools v0.10.3
[INFO] [stderr]    Compiling bumpalo v3.8.0
[INFO] [stderr]    Compiling semver v0.11.0
[INFO] [stderr]    Compiling rustc_version v0.3.3
[INFO] [stderr]     Checking bs58 v0.4.0
[INFO] [stderr]    Compiling synstructure v0.12.6
[INFO] [stderr]    Compiling borsh-derive-internal v0.9.1
[INFO] [stderr]    Compiling borsh-schema-derive-internal v0.9.1
[INFO] [stderr]     Checking bytes v1.1.0
[INFO] [stderr]    Compiling ark-ff v0.3.0
[INFO] [stderr]    Compiling wasm-bindgen-backend v0.2.78
[INFO] [stderr]    Compiling solana-frozen-abi v1.9.22 (/opt/rustwide/workdir/frozen-abi)
[INFO] [stderr]    Compiling miniz_oxide v0.4.4
[INFO] [stderr]    Compiling paste v1.0.7
[INFO] [stderr]     Checking smallvec v1.7.0
[INFO] [stderr]     Checking rand v0.3.23
[INFO] [stderr]     Checking solana-logger v1.9.22 (/opt/rustwide/workdir/logger)
[INFO] [stderr]     Checking parking_lot_core v0.8.5
[INFO] [stderr]    Compiling libsecp256k1 v0.6.0
[INFO] [stderr]    Compiling toml v0.5.8
[INFO] [stderr]    Compiling blake3 v1.2.0
[INFO] [stderr]     Checking memmap2 v0.5.0
[INFO] [stderr]    Compiling wasm-bindgen-macro-support v0.2.78
[INFO] [stderr]     Checking lock_api v0.4.5
[INFO] [stderr]    Compiling wasm-bindgen v0.2.78
[INFO] [stderr]     Checking etcommon-hexutil v0.2.4
[INFO] [stderr]     Checking elastic-array-plus v0.10.0
[INFO] [stderr]     Checking parking_lot v0.11.2
[INFO] [stderr]     Checking etcommon-rlp v0.2.5
[INFO] [stderr]    Compiling proc-macro-crate v0.1.5
[INFO] [stderr]    Compiling backtrace v0.3.62
[INFO] [stderr]    Compiling solana-program v1.9.22 (/opt/rustwide/workdir/sdk/program)
[INFO] [stderr]     Checking gimli v0.25.0
[INFO] [stderr]     Checking rustc-demangle v0.1.21
[INFO] [stderr]    Compiling failure_derive v0.1.8
[INFO] [stderr]     Checking static_assertions v1.1.0
[INFO] [stderr]     Checking arrayvec v0.7.2
[INFO] [stderr]     Checking etcommon-bigint v0.2.10
[INFO] [stderr]     Checking object v0.27.1
[INFO] [stderr]    Compiling crossbeam-utils v0.8.5
[INFO] [stderr]    Compiling thiserror-impl v1.0.30
[INFO] [stderr]    Compiling zeroize_derive v1.2.0
[INFO] [stderr]    Compiling derivative v2.2.0
[INFO] [stderr]    Compiling borsh-derive v0.9.1
[INFO] [stderr]    Compiling bytemuck_derive v1.0.1
[INFO] [stderr]     Checking zeroize v1.4.2
[INFO] [stderr]    Compiling num-derive v0.3.3
[INFO] [stderr]     Checking borsh v0.9.1
[INFO] [stderr]     Checking bytemuck v1.7.2
[INFO] [stderr]    Compiling ark-ff-macros v0.3.0
[INFO] [stderr]    Compiling ark-ff-asm v0.3.0
[INFO] [stderr]     Checking thiserror v1.0.30
[INFO] [stderr]    Compiling wasm-bindgen-macro v0.2.78
[INFO] [stderr]     Checking addr2line v0.16.0
[INFO] [stderr]    Compiling solana-sdk-macro v1.9.22 (/opt/rustwide/workdir/sdk/macro)
[INFO] [stderr]     Checking array-bytes v1.4.1
[INFO] [stderr]     Checking signature v1.4.0
[INFO] [stderr]     Checking ed25519 v1.2.0
[INFO] [stderr]    Compiling solana-sdk v1.9.22 (/opt/rustwide/workdir/sdk)
[INFO] [stderr]     Checking assert_matches v1.5.0
[INFO] [stderr]    Compiling futures-core v0.3.19
[INFO] [stderr]     Checking qstring v0.7.2
[INFO] [stderr]     Checking uriparse v0.6.3
[INFO] [stderr]     Checking array-bytes v2.0.1
[INFO] [stderr]     Checking futures v0.1.31
[INFO] [stderr]     Checking slab v0.4.5
[INFO] [stderr]     Checking crossbeam-channel v0.5.1
[INFO] [stderr]     Checking failure v0.1.8
[INFO] [stderr]     Checking signal-hook-registry v1.4.0
[INFO] [stderr]    Compiling tokio v1.14.1
[INFO] [stderr]    Compiling tokio-macros v1.6.0
[INFO] [stderr]     Checking mio v0.7.14
[INFO] [stderr]     Checking derivation-path v0.1.3
[INFO] [stderr]    Compiling rayon-core v1.9.1
[INFO] [stderr]     Checking futures-sink v0.3.19
[INFO] [stderr]     Checking crossbeam-epoch v0.9.5
[INFO] [stderr]    Compiling rayon v1.5.1
[INFO] [stderr]    Compiling futures-task v0.3.19
[INFO] [stderr]     Checking crossbeam-deque v0.8.1
[INFO] [stderr]    Compiling futures-channel v0.3.19
[INFO] [stderr]    Compiling futures-util v0.3.19
[INFO] [stderr]     Checking futures-io v0.3.19
[INFO] [stderr]    Compiling futures-macro v0.3.19
[INFO] [stderr]     Checking tinyvec v1.5.0
[INFO] [stderr]    Compiling pkg-config v0.3.22
[INFO] [stderr]     Checking tracing-core v0.1.21
[INFO] [stderr]    Compiling tracing-attributes v0.1.18
[INFO] [stderr]    Compiling ahash v0.7.6
[INFO] [stderr]    Compiling ring v0.16.20
[INFO] [stderr]     Checking unicode-normalization v0.1.19
[INFO] [stderr]     Checking matches v0.1.9
[INFO] [stderr]     Checking spin v0.5.2
[INFO] [stderr]     Checking untrusted v0.7.1
[INFO] [stderr]     Checking hashbrown v0.11.2
[INFO] [stderr]    Compiling indexmap v1.7.0
[INFO] [stderr]     Checking unicode-bidi v0.3.7
[INFO] [stderr]    Compiling httparse v1.5.1
[INFO] [stderr]     Checking socket2 v0.4.2
[INFO] [stderr]     Checking tracing v0.1.29
[INFO] [stderr]    Compiling openssl-src v300.0.5+3.0.2
[INFO] [stderr]     Checking http v0.2.5
[INFO] [stderr]     Checking form_urlencoded v1.0.1
[INFO] [stderr]     Checking idna v0.2.3
[INFO] [stderr]    Compiling openssl-sys v0.9.70
[INFO] [stderr]     Checking tower-service v0.3.1
[INFO] [stderr]     Checking openssl-probe v0.1.4
[INFO] [stderr]    Compiling openssl v0.10.38
[INFO] [stderr]     Checking url v2.2.2
[INFO] [stderr]     Checking try-lock v0.2.3
[INFO] [stderr]     Checking want v0.3.0
[INFO] [stderr]    Compiling native-tls v0.2.8
[INFO] [stderr]     Checking httpdate v1.0.1
[INFO] [stderr]     Checking mime v0.3.16
[INFO] [stderr]    Compiling solana-program-runtime v1.9.22 (/opt/rustwide/workdir/program-runtime)
[INFO] [stderr]     Checking bincode v1.3.3
[INFO] [stderr]     Checking serde_bytes v0.11.5
[INFO] [stderr]     Checking chrono v0.4.19
[INFO] [stderr]     Checking tokio-util v0.6.9
[INFO] [stderr]     Checking block-buffer v0.9.0
[INFO] [stderr]     Checking sha2 v0.9.8
[INFO] [stderr]     Checking crypto-mac v0.8.0
[INFO] [stderr]     Checking hmac v0.8.1
[INFO] [stderr]     Checking hmac-drbg v0.3.0
[INFO] [stderr]     Checking sha3 v0.9.1
[INFO] [stderr]     Checking ark-serialize v0.3.0
[INFO] [stderr]     Checking crypto-mac v0.11.1
[INFO] [stderr]     Checking curve25519-dalek v3.2.0
[INFO] [stderr]     Checking crypto-mac v0.9.1
[INFO] [stderr]     Checking pbkdf2 v0.9.0
[INFO] [stderr]     Checking hmac v0.9.0
[INFO] [stderr]     Checking hmac v0.11.0
[INFO] [stderr]     Checking http-body v0.4.4
[INFO] [stderr]     Checking h2 v0.3.7
[INFO] [stderr]     Checking webpki v0.21.4
[INFO] [stderr]     Checking sct v0.6.1
[INFO] [stderr]    Compiling encoding_rs v0.8.29
[INFO] [stderr]     Checking libloading v0.7.2
[INFO] [stderr]     Checking rustls v0.19.1
[INFO] [stderr]     Checking webpki-roots v0.21.1
[INFO] [stderr]     Checking serde_urlencoded v0.7.0
[INFO] [stderr]     Checking ed25519-dalek v1.0.1
[INFO] [stderr]     Checking ipnet v2.3.1
[INFO] [stderr]     Checking ed25519-dalek-bip32 v0.1.1
[INFO] [stderr]     Checking gethostname v0.2.1
[INFO] [stderr]    Compiling solana-vote-program v1.9.22 (/opt/rustwide/workdir/programs/vote)
[INFO] [stderr]    Compiling solana-bloom v1.9.22 (/opt/rustwide/workdir/bloom)
[INFO] [stderr]     Checking solana-rayon-threadlimit v1.9.22 (/opt/rustwide/workdir/rayon-threadlimit)
[INFO] [stderr]     Checking remove_dir_all v0.5.3
[INFO] [stderr]     Checking tempfile v3.2.0
[INFO] [stderr]    Compiling anyhow v1.0.51
[INFO] [stderr]    Compiling proc-macro-error-attr v1.0.4
[INFO] [stderr]    Compiling proc-macro-error v1.0.4
[INFO] [stderr]    Compiling zstd-sys v1.6.1+zstd.1.5.0
[INFO] [stderr]    Compiling zstd-safe v4.1.1+zstd.1.5.0
[INFO] [stderr]     Checking tokio-rustls v0.22.0
[INFO] [stderr]     Checking fs_extra v1.2.0
[INFO] [stderr]    Compiling bzip2-sys v0.1.11+1.0.8
[INFO] [stderr]    Compiling solana-address-lookup-table-program v1.9.22 (/opt/rustwide/workdir/programs/address-lookup-table)
[INFO] [stderr]    Compiling solana-stake-program v1.9.22 (/opt/rustwide/workdir/programs/stake)
[INFO] [stderr]    Compiling crc32fast v1.2.1
[INFO] [stderr]    Compiling Inflector v0.11.4
[INFO] [stderr]     Checking filetime v0.2.15
[INFO] [stderr]     Checking xattr v0.2.2
[INFO] [stderr]    Compiling ouroboros_macro v0.13.0
[INFO] [stderr]    Compiling solana-runtime v1.9.22 (/opt/rustwide/workdir/runtime)
[INFO] [stderr]     Checking hyper v0.14.14
[INFO] [stderr]     Checking stable_deref_trait v1.2.0
[INFO] [stderr]     Checking aliasable v0.1.3
[INFO] [stderr]     Checking tar v0.4.37
[INFO] [stderr]     Checking dir-diff v0.3.2
[INFO] [stderr]     Checking flate2 v1.0.22
[INFO] [stderr]     Checking dashmap v4.0.2
[INFO] [stderr]     Checking index_list v0.2.7
[INFO] [stderr]     Checking symlink v0.1.0
[INFO] [stderr]    Compiling semver-parser v0.7.0
[INFO] [stderr]     Checking clap v2.33.3
[INFO] [stderr]     Checking futures-executor v0.3.18
[INFO] [stderr]    Compiling semver v0.9.0
[INFO] [stderr]     Checking nix v0.23.1
[INFO] [stderr]    Compiling rustc_version v0.2.3
[INFO] [stderr]     Checking futures v0.3.18
[INFO] [stderr]    Compiling proc-macro2 v0.4.30
[INFO] [stderr]     Checking ouroboros v0.13.0
[INFO] [stderr]    Compiling unicode-xid v0.1.0
[INFO] [stderr]    Compiling syn v0.15.44
[INFO] [stderr]     Checking errno v0.2.8
[INFO] [stderr]    Compiling solana-perf v1.9.22 (/opt/rustwide/workdir/perf)
[INFO] [stderr]     Checking caps v0.5.3
[INFO] [stderr]     Checking generic-array v0.12.4
[INFO] [stderr]    Compiling solana-version v1.9.22 (/opt/rustwide/workdir/version)
[INFO] [stderr]    Compiling solana-frozen-abi-macro v1.8.2
[INFO] [stderr]    Compiling quote v0.6.13
[INFO] [stderr]     Checking digest v0.8.1
[INFO] [stderr]    Compiling solana-frozen-abi v1.8.2
[INFO] [stderr]    Compiling libsecp256k1 v0.5.0
[INFO] [stderr]     Checking env_logger v0.8.4
[INFO] [stderr]    Compiling blake3 v0.3.8
[INFO] [stderr]     Checking hyper-rustls v0.22.1
[INFO] [stderr]     Checking solana-logger v1.8.2
[INFO] [stderr]    Compiling solana-program v1.8.2
[INFO] [stderr]     Checking memmap2 v0.1.0
[INFO] [stderr]     Checking arrayvec v0.5.2
[INFO] [stderr]     Checking hex v0.4.3
[INFO] [stderr]     Checking bs58 v0.3.1
[INFO] [stderr]     Checking curve25519-dalek v2.1.3
[INFO] [stderr]     Checking itertools v0.9.0
[INFO] [stderr]    Compiling solana-sdk-macro v1.8.2
[INFO] [stderr]     Checking ark-ec v0.3.0
[INFO] [stderr]    Compiling pin-project-internal v1.0.8
[INFO] [stderr]     Checking terminal_size v0.1.17
[INFO] [stderr]    Compiling proc-macro-crate v1.1.0
[INFO] [stderr]     Checking console v0.15.0
[INFO] [stderr]     Checking webpki v0.22.0
[INFO] [stderr]    Compiling async-trait v0.1.51
[INFO] [stderr]    Compiling num_enum_derive v0.5.4
[INFO] [stderr]     Checking sct v0.7.0
[INFO] [stderr]    Compiling dlopen_derive v0.1.4
[INFO] [stderr]     Checking ark-bn254 v0.3.0
[INFO] [stderr]     Checking rustls v0.20.2
[INFO] [stderr]     Checking dlopen v0.1.8
[INFO] [stderr]     Checking tokio-stream v0.1.8
[INFO] [stderr]     Checking num_enum v0.5.4
[INFO] [stderr]     Checking pin-project v1.0.8
[INFO] [stderr]     Checking pbkdf2 v0.4.0
[INFO] [stderr]     Checking rustc-hash v1.1.0
[INFO] [stderr]     Checking tiny-bip39 v0.8.2
[INFO] [stderr]    Compiling hidapi v1.3.0
[INFO] [stderr]    Compiling scroll_derive v0.10.5
[INFO] [stderr]     Checking void v1.0.2
[INFO] [stderr]    Compiling regex-syntax v0.6.25
[INFO] [stderr]     Checking unreachable v1.0.0
[INFO] [stderr]     Checking dialoguer v0.9.0
[INFO] [stderr]     Checking ascii v0.9.3
[INFO] [stderr]     Checking plain v0.2.3
[INFO] [stderr]     Checking base32 v0.4.0
[INFO] [stderr]     Checking combine v3.8.1
[INFO] [stderr]     Checking hash32 v0.1.1
[INFO] [stderr]     Checking rustc-serialize v0.3.24
[INFO] [stderr]     Checking scroll v0.10.2
[INFO] [stderr]     Checking rpassword v5.0.1
[INFO] [stderr]    Compiling which v4.2.2
[INFO] [stderr]     Checking goblin v0.4.3
[INFO] [stderr]     Checking linked-hash-map v0.5.4
[INFO] [stderr]     Checking bn-plus v0.4.4
[INFO] [stderr]     Checking yaml-rust v0.4.5
[INFO] [stderr]     Checking dtoa v0.4.8
[INFO] [stderr]     Checking dirs-sys-next v0.1.2
[INFO] [stderr]     Checking serde_yaml v0.8.21
[INFO] [stderr]     Checking dirs-next v2.0.0
[INFO] [stderr]    Compiling fixedbitset v0.4.0
[INFO] [stderr]    Compiling prost-derive v0.10.0
[INFO] [stderr]     Checking chrono-humanize v0.2.1
[INFO] [stderr]    Compiling multimap v0.8.3
[INFO] [stderr]    Compiling petgraph v0.6.0
[INFO] [stderr]     Checking solana-cli-config v1.9.22 (/opt/rustwide/workdir/cli-config)
[INFO] [stderr]    Compiling cmake v0.1.46
[INFO] [stderr]     Checking number_prefix v0.4.0
[INFO] [stderr]     Checking indicatif v0.16.2
[INFO] [stderr]     Checking solana_rbpf v0.2.24
[INFO] [stderr]    Compiling prost-build v0.10.0
[INFO] [stderr]     Checking jsonrpc-core v18.0.0
[INFO] [stderr]    Compiling radium v0.5.3
[INFO] [stderr]    Compiling heck v0.4.0
[INFO] [stderr]    Compiling prettyplease v0.1.10
[INFO] [stderr]    Compiling standback v0.2.17
[INFO] [stderr]    Compiling glob v0.3.0
[INFO] [stderr]    Compiling proc-macro-hack v0.5.19
[INFO] [stderr]     Checking tokio-util v0.7.1
[INFO] [stderr]    Compiling nom v6.1.2
[INFO] [stderr]    Compiling tap v1.0.1
[INFO] [stderr]    Compiling clang-sys v1.2.2
[INFO] [stderr]    Compiling wyz v0.2.0
[INFO] [stderr]     Checking ieee754 v0.2.6
[INFO] [stderr]     Checking tower-layer v0.3.1
[INFO] [stderr]    Compiling funty v1.1.0
[INFO] [stderr]     Checking fast-math v0.1.1
[INFO] [stderr]     Checking tower v0.4.12
[INFO] [stderr]    Compiling prost v0.10.0
[INFO] [stderr]    Compiling const_fn v0.4.8
[INFO] [stderr]     Checking tokio-io-timeout v1.1.1
[INFO] [stderr]    Compiling prost-types v0.10.0
[INFO] [stderr]    Compiling bitvec v0.19.5
[INFO] [stderr]    Compiling async-stream-impl v0.3.2
[INFO] [stderr]    Compiling time v0.2.27
[INFO] [stderr]    Compiling bindgen v0.59.1
[INFO] [stderr]    Compiling time-macros-impl v0.1.2
[INFO] [stderr]     Checking hyper-timeout v0.4.1
[INFO] [stderr]     Checking async-stream v0.3.2
[INFO] [stderr]     Checking tracing-futures v0.2.5
[INFO] [stderr]     Checking sha-1 v0.9.8
[INFO] [stderr]    Compiling bitflags v1.3.2
[INFO] [stderr]     Checking http-range-header v0.3.0
[INFO] [stderr]    Compiling lazycell v1.3.0
[INFO] [stderr]    Compiling tonic-build v0.7.0
[INFO] [stderr]    Compiling shlex v1.1.0
[INFO] [stderr]    Compiling peeking_take_while v0.1.2
[INFO] [stderr]     Checking time-macros v0.1.1
[INFO] [stderr]     Checking tower-http v0.2.5
[INFO] [stderr]     Checking axum-core v0.2.1
[INFO] [stderr]     Checking webpki-roots v0.22.1
[INFO] [stderr]    Compiling enum-iterator-derive v0.7.0
[INFO] [stderr]     Checking sync_wrapper v0.1.1
[INFO] [stderr]     Checking simpl v0.1.0
[INFO] [stderr]     Checking utf-8 v0.7.6
[INFO] [stderr]     Checking itoa v1.0.1
[INFO] [stderr]     Checking matchit v0.5.0
[INFO] [stderr]     Checking tungstenite v0.16.0
[INFO] [stderr]    Compiling solana-storage-proto v1.9.22 (/opt/rustwide/workdir/storage-proto)
[INFO] [stderr]     Checking tokio-rustls v0.23.4
[INFO] [stderr]     Checking enum-iterator v0.7.0
[INFO] [stderr]     Checking rustls-pemfile v0.3.0
[INFO] [stderr]     Checking arc-swap v1.5.0
[INFO] [stderr]    Compiling libm v0.2.1
[INFO] [stderr]     Checking backoff v0.3.0
[INFO] [stderr]    Compiling reed-solomon-erasure v5.0.1
[INFO] [stderr]     Checking axum v0.5.1
[INFO] [stderr]    Compiling solana-ledger v1.9.22 (/opt/rustwide/workdir/ledger)
[INFO] [stderr]     Checking spin v0.9.2
[INFO] [stderr]     Checking trees v0.4.2
[INFO] [stderr]     Checking rustls-pemfile v0.2.1
[INFO] [stderr]     Checking regex-automata v0.1.10
[INFO] [stderr]     Checking rustls-native-certs v0.6.1
[INFO] [stderr]     Checking fxhash v0.2.1
[INFO] [stderr]    Compiling cexpr v0.5.0
[INFO] [stderr]     Checking bstr v0.2.17
[INFO] [stderr]     Checking const-oid v0.7.1
[INFO] [stderr]     Checking der v0.5.1
[INFO] [stderr]     Checking quinn-proto v0.8.0
[INFO] [stderr]     Checking base64ct v1.3.3
[INFO] [stderr]     Checking yasna v0.4.0
[INFO] [stderr]     Checking spki v0.5.4
[INFO] [stderr]     Checking tonic v0.7.1
[INFO] [stderr]     Checking pem v1.0.2
[INFO] [stderr]     Checking pkcs8 v0.8.0
[INFO] [stderr]     Checking histogram v0.6.9
[INFO] [stderr]     Checking rcgen v0.8.14
[INFO] [stderr]     Checking iovec v0.1.4
[INFO] [stderr]    Compiling autocfg v0.1.7
[INFO] [stderr]     Checking rand_core v0.4.2
[INFO] [stderr]     Checking net2 v0.2.37
[INFO] [stderr]    Compiling solana-gossip v1.9.22 (/opt/rustwide/workdir/gossip)
[INFO] [stderr]    Compiling unicase v2.6.0
[INFO] [stderr]     Checking bytes v0.4.12
[INFO] [stderr]     Checking lru v0.7.1
[INFO] [stderr]    Compiling maybe-uninit v2.0.0
[INFO] [stderr]     Checking mio v0.6.23
[INFO] [stderr]     Checking rand_core v0.3.1
[INFO] [stderr]    Compiling parking_lot_core v0.6.2
[INFO] [stderr]    Compiling crossbeam-utils v0.7.2
[INFO] [stderr]     Checking smallvec v0.6.14
[INFO] [stderr]     Checking tokio-io v0.1.13
[INFO] [stderr]    Compiling parking_lot v0.9.0
[INFO] [stderr]     Checking sysctl v0.4.3
[INFO] [stderr]     Checking quinn-udp v0.1.0
[INFO] [stderr]     Checking spl-memo v3.0.1
[INFO] [stderr]     Checking spl-token v3.2.0
[INFO] [stderr]     Checking quinn v0.8.0
[INFO] [stderr]     Checking users v0.10.0
[INFO] [stderr]     Checking unix_socket2 v0.5.4
[INFO] [stderr]    Compiling rand_pcg v0.1.2
[INFO] [stderr]    Compiling rand_chacha v0.1.1
[INFO] [stderr]     Checking globset v0.4.8
[INFO] [stderr]     Checking lock_api v0.3.4
[INFO] [stderr]    Compiling version_check v0.1.5
[INFO] [stderr]     Checking spl-associated-token-account v1.0.3
[INFO] [stderr]     Checking tokio-executor v0.1.10
[INFO] [stderr]    Compiling rand v0.6.5
[INFO] [stderr]     Checking tokio-sync v0.1.8
[INFO] [stderr]     Checking jsonrpc-server-utils v18.0.0
[INFO] [stderr]    Compiling unicase v1.4.2
[INFO] [stderr]     Checking rand_isaac v0.1.1
[INFO] [stderr]     Checking rand_xorshift v0.1.1
[INFO] [stderr]     Checking rand_hc v0.1.0
[INFO] [stderr]     Checking rand_os v0.1.3
[INFO] [stderr]     Checking rand_jitter v0.1.4
[INFO] [stderr]     Checking idna v0.1.5
[INFO] [stderr]     Checking log v0.3.9
[INFO] [stderr]     Checking percent-encoding v1.0.1
[INFO] [stderr]     Checking tokio-reactor v0.1.12
[INFO] [stderr]     Checking safemem v0.3.3
[INFO] [stderr]     Checking byte-tools v0.3.1
[INFO] [stderr]     Checking mime v0.2.6
[INFO] [stderr]     Checking base64 v0.9.3
[INFO] [stderr]     Checking block-padding v0.1.5
[INFO] [stderr]     Checking tokio-codec v0.1.2
[INFO] [stderr]     Checking core_affinity v0.5.10
[INFO] [stderr]     Checking base64 v0.10.1
[INFO] [stderr]     Checking tokio-tcp v0.1.4
[INFO] [stderr]     Checking language-tags v0.2.2
[INFO] [stderr]     Checking traitobject v0.1.0
[INFO] [stderr]    Compiling unicode-segmentation v1.8.0
[INFO] [stderr]     Checking typeable v0.1.2
[INFO] [stderr]     Checking sha1 v0.6.0
[INFO] [stderr]     Checking url v1.7.2
[INFO] [stderr]     Checking block-buffer v0.7.3
[INFO] [stderr]    Compiling prost-derive v0.9.0
[INFO] [stderr]     Checking parity-tokio-ipc v0.9.0
[INFO] [stderr]     Checking fake-simd v0.1.2
[INFO] [stderr]    Compiling convert_case v0.4.0
[INFO] [stderr]     Checking opaque-debug v0.2.3
[INFO] [stderr]     Checking sha-1 v0.8.2
[INFO] [stderr]    Compiling heck v0.3.3
[INFO] [stderr]     Checking mio-extras v2.0.6
[INFO] [stderr]     Checking jsonrpc-pubsub v18.0.0
[INFO] [stderr]     Checking hyper v0.10.16
[INFO] [stderr]     Checking parity-ws v0.11.1
[INFO] [stderr]    Compiling derive_more v0.99.16
[INFO] [stderr]     Checking jsonrpc-http-server v18.0.0
[INFO] [stderr]     Checking soketto v0.7.1
[INFO] [stderr]    Compiling prost-build v0.9.0
[INFO] [stderr]     Checking jsonrpc-ws-server v18.0.0
[INFO] [stderr]     Checking stream-cancel v0.8.1
[INFO] [stderr]    Compiling jsonrpc-derive v18.0.0
[INFO] [stderr]    Compiling solana-replica-lib v1.9.22 (/opt/rustwide/workdir/replica-lib)
[INFO] [stderr]    Compiling sys-info v0.9.1
[INFO] [stderr]    Compiling solana-core v1.9.22 (/opt/rustwide/workdir/core)
[INFO] [stderr]     Checking retain_mut v0.1.5
[INFO] [stderr]     Checking raptorq v1.6.4
[INFO] [stderr]    Compiling prost v0.9.0
[INFO] [stderr]    Compiling prost-types v0.9.0
[INFO] [stderr]    Compiling librocksdb-sys v6.20.3
[INFO] [stderr]     Checking tonic v0.6.1
[INFO] [stderr]    Compiling enum-ordinalize v3.1.10
[INFO] [stderr]     Checking thread_local v1.1.4
[INFO] [stderr]     Checking sharded-slab v0.1.4
[INFO] [stderr]    Compiling educe v0.4.18
[INFO] [stderr]     Checking opentelemetry v0.16.0
[INFO] [stderr]     Checking tracing-subscriber v0.2.25
[INFO] [stderr]    Compiling tonic-build v0.6.0
[INFO] [stderr]    Compiling tarpc-plugins v0.12.0
[INFO] [stderr]     Checking tracing-opentelemetry v0.15.0
[INFO] [stderr]    Compiling serial_test_derive v0.5.1
[INFO] [stderr]     Checking ctrlc v3.2.1
[INFO] [stderr]    Compiling cast v0.2.7
[INFO] [stderr]     Checking tokio-serde v0.8.0
[INFO] [stderr]     Checking csv-core v0.1.10
[INFO] [stderr]    Compiling etcd-client v0.8.1
[INFO] [stderr]     Checking serial_test v0.5.1
[INFO] [stderr]    Compiling signal-hook v0.3.10
[INFO] [stderr]     Checking csv v1.1.6
[INFO] [stderr]     Checking filedescriptor v0.8.1
[INFO] [stderr]    Compiling nom v7.0.0
[INFO] [stderr]    Compiling tikv-jemalloc-sys v0.4.2+5.2.1-patched.2
[INFO] [stderr]     Checking gag v1.0.0
[INFO] [stderr]     Checking tarpc v0.27.2
[INFO] [stderr]     Checking minimal-lexical v0.1.4
[INFO] [stderr]     Checking half v1.8.2
[INFO] [stderr]    Compiling const_format_proc_macros v0.2.22
[INFO] [stderr]     Checking serde_cbor v0.11.2
[INFO] [stderr]     Checking bytesize v1.1.0
[INFO] [stderr]     Checking thread-scoped v1.0.2
[INFO] [stderr]     Checking pretty-hex v0.2.1
[INFO] [stderr]     Checking criterion-stats v0.3.0
[INFO] [stderr]     Checking jsonrpc-ipc-server v18.0.0
[INFO] [stderr]     Checking fd-lock v3.0.1
[INFO] [stderr]     Checking plotters-backend v0.3.4
[INFO] [stderr]    Compiling camino v1.0.5
[INFO] [stderr]     Checking cast v0.3.0
[INFO] [stderr]     Checking plotters-svg v0.3.2
[INFO] [stderr]     Checking plotters v0.3.2
[INFO] [stderr]     Checking const_format v0.2.22
[INFO] [stderr]     Checking criterion-plot v0.4.5
[INFO] [stderr]     Checking tinytemplate v1.2.1
[INFO] [stderr]     Checking unicode-xid v0.2.2
[INFO] [stderr]     Checking oorandom v11.1.3
[INFO] [stderr]    Compiling solana-install v1.9.22 (/opt/rustwide/workdir/install)
[INFO] [stderr]     Checking systemstat v0.1.10
[INFO] [stderr]     Checking cargo-platform v0.1.2
[INFO] [stderr]     Checking wait-timeout v0.2.0
[INFO] [stderr]     Checking cargo_metadata v0.14.1
[INFO] [stderr]     Checking pickledb v0.4.1
[INFO] [stderr]     Checking predicates-core v1.0.2
[INFO] [stderr]     Checking criterion v0.3.5
[INFO] [stderr]    Compiling doc-comment v0.3.3
[INFO] [stderr]     Checking difflib v0.4.0
[INFO] [stderr]     Checking termtree v0.2.3
[INFO] [stderr]     Checking predicates-tree v1.0.4
[INFO] [stderr]     Checking predicates v2.0.3
[INFO] [stderr]    Compiling clap_derive v3.0.0-beta.5
[INFO] [stderr]    Compiling gen-syscall-list v1.9.22 (/opt/rustwide/workdir/programs/bpf_loader/gen-syscall-list)
[INFO] [stderr]     Checking textwrap v0.14.2
[INFO] [stderr]     Checking os_str_bytes v4.2.0
[INFO] [stderr]     Checking bytecount v0.6.2
[INFO] [stderr]     Checking quick-error v1.2.3
[INFO] [stderr]     Checking strsim v0.10.0
[INFO] [stderr]     Checking bit-vec v0.6.3
[INFO] [stderr]     Checking utf8-width v0.1.5
[INFO] [stderr]     Checking byte-unit v4.0.13
[INFO] [stderr]     Checking bit-set v0.5.2
[INFO] [stderr] The following warnings were emitted during compilation:
[INFO] [stderr] 
[INFO] [stderr] warning: (not a warning) Generating ../../../sdk/bpf/syscalls.txt from ../src/syscalls.rs
[INFO] [stderr] 
[INFO] [stderr] error: failed to run custom build command for `gen-syscall-list v1.9.22 (/opt/rustwide/workdir/programs/bpf_loader/gen-syscall-list)`
[INFO] [stderr] note: To improve backtraces for build dependencies, set the CARGO_PROFILE_DEV_BUILD_OVERRIDE_DEBUG=true environment variable to enable debug information generation.
[INFO] [stderr] 
[INFO] [stderr] Caused by:
[INFO] [stderr]   process didn't exit successfully: `/opt/rustwide/target/debug/build/gen-syscall-list-5f8cd30b978b6639/build-script-build` (exit status: 101)
[INFO] [stderr]   --- stdout
[INFO] [stderr]   cargo:warning=(not a warning) Generating ../../../sdk/bpf/syscalls.txt from ../src/syscalls.rs
[INFO] [stderr] 
[INFO] [stderr]   --- stderr
[INFO] [stderr]   thread 'main' panicked at 'Failed to create ../../../sdk/bpf/syscalls.txt: Read-only file system (os error 30)', programs/bpf_loader/gen-syscall-list/build.rs:34:21
[INFO] [stderr]   stack backtrace:
[INFO] [stderr]      0:     0x55e2af4a0bd1 - std::backtrace_rs::backtrace::libunwind::trace::ha9d9de1bf4176bfa
[INFO] [stderr]                                  at /rustc/e6e4f7ed1589e03bc2f6c5931c1a72e7947e8682/library/std/src/../../backtrace/src/backtrace/libunwind.rs:93:5
[INFO] [stderr]      1:     0x55e2af4a0bd1 - std::backtrace_rs::backtrace::trace_unsynchronized::h165c36ef694ada1c
[INFO] [stderr]                                  at /rustc/e6e4f7ed1589e03bc2f6c5931c1a72e7947e8682/library/std/src/../../backtrace/src/backtrace/mod.rs:66:5
[INFO] [stderr]      2:     0x55e2af4a0bd1 - std::sys_common::backtrace::_print_fmt::h4d89c7ce1e89b43d
[INFO] [stderr]                                  at /rustc/e6e4f7ed1589e03bc2f6c5931c1a72e7947e8682/library/std/src/sys_common/backtrace.rs:65:5
[INFO] [stderr]      3:     0x55e2af4a0bd1 - <std::sys_common::backtrace::_print::DisplayBacktrace as core::fmt::Display>::fmt::hfc68e8a2f3b7b37c
[INFO] [stderr]                                  at /rustc/e6e4f7ed1589e03bc2f6c5931c1a72e7947e8682/library/std/src/sys_common/backtrace.rs:44:22
[INFO] [stderr]      4:     0x55e2af4bd1bf - core::fmt::rt::Argument::fmt::hc7dd5538f3de21b7
[INFO] [stderr]                                  at /rustc/e6e4f7ed1589e03bc2f6c5931c1a72e7947e8682/library/core/src/fmt/rt.rs:138:9
[INFO] [stderr]      5:     0x55e2af4bd1bf - core::fmt::write::hac9705ca9b43c249
[INFO] [stderr]                                  at /rustc/e6e4f7ed1589e03bc2f6c5931c1a72e7947e8682/library/core/src/fmt/mod.rs:1094:21
[INFO] [stderr]      6:     0x55e2af49ee01 - std::io::Write::write_fmt::h7bc9466b47d6774b
[INFO] [stderr]                                  at /rustc/e6e4f7ed1589e03bc2f6c5931c1a72e7947e8682/library/std/src/io/mod.rs:1713:15
[INFO] [stderr]      7:     0x55e2af4a09e5 - std::sys_common::backtrace::_print::h03072469d8150f3e
[INFO] [stderr]                                  at /rustc/e6e4f7ed1589e03bc2f6c5931c1a72e7947e8682/library/std/src/sys_common/backtrace.rs:47:5
[INFO] [stderr]      8:     0x55e2af4a09e5 - std::sys_common::backtrace::print::hd0f67791f02b87ae
[INFO] [stderr]                                  at /rustc/e6e4f7ed1589e03bc2f6c5931c1a72e7947e8682/library/std/src/sys_common/backtrace.rs:34:9
[INFO] [stderr]      9:     0x55e2af4a1d67 - std::panicking::default_hook::{{closure}}::h7c8ccb2c703d1528
[INFO] [stderr]     10:     0x55e2af4a1b54 - std::panicking::default_hook::h770c31d58b53801e
[INFO] [stderr]                                  at /rustc/e6e4f7ed1589e03bc2f6c5931c1a72e7947e8682/library/std/src/panicking.rs:288:9
[INFO] [stderr]     11:     0x55e2af4a221c - std::panicking::rust_panic_with_hook::hb50e58c42f5187f2
[INFO] [stderr]                                  at /rustc/e6e4f7ed1589e03bc2f6c5931c1a72e7947e8682/library/std/src/panicking.rs:705:13
[INFO] [stderr]     12:     0x55e2af4a2117 - std::panicking::begin_panic_handler::{{closure}}::h4d6093b91efbd52e
[INFO] [stderr]                                  at /rustc/e6e4f7ed1589e03bc2f6c5931c1a72e7947e8682/library/std/src/panicking.rs:597:13
[INFO] [stderr]     13:     0x55e2af4a1006 - std::sys_common::backtrace::__rust_end_short_backtrace::h318963d1ef4510cb
[INFO] [stderr]                                  at /rustc/e6e4f7ed1589e03bc2f6c5931c1a72e7947e8682/library/std/src/sys_common/backtrace.rs:151:18
[INFO] [stderr]     14:     0x55e2af4a1e62 - rust_begin_unwind
[INFO] [stderr]                                  at /rustc/e6e4f7ed1589e03bc2f6c5931c1a72e7947e8682/library/std/src/panicking.rs:593:5
[INFO] [stderr]     15:     0x55e2af3456c3 - core::panicking::panic_fmt::h6ce9f4b93775846b
[INFO] [stderr]                                  at /rustc/e6e4f7ed1589e03bc2f6c5931c1a72e7947e8682/library/core/src/panicking.rs:67:14
[INFO] [stderr]     16:     0x55e2af34792b - build_script_build::main::h232dbfb41c5a607b
[INFO] [stderr]     17:     0x55e2af348073 - core::ops::function::FnOnce::call_once::h7d0c40ff80fb8b9c
[INFO] [stderr]     18:     0x55e2af346a16 - std::sys_common::backtrace::__rust_begin_short_backtrace::h801a5b436db3a1e9
[INFO] [stderr]     19:     0x55e2af3469d9 - std::rt::lang_start::{{closure}}::hf9c97e76e0325885
[INFO] [stderr]     20:     0x55e2af49be35 - core::ops::function::impls::<impl core::ops::function::FnOnce<A> for &F>::call_once::hb332f02ff9fc81e2
[INFO] [stderr]                                  at /rustc/e6e4f7ed1589e03bc2f6c5931c1a72e7947e8682/library/core/src/ops/function.rs:284:13
[INFO] [stderr]     21:     0x55e2af49be35 - std::panicking::try::do_call::hed879afea606d968
[INFO] [stderr]                                  at /rustc/e6e4f7ed1589e03bc2f6c5931c1a72e7947e8682/library/std/src/panicking.rs:500:40
[INFO] [stderr]     22:     0x55e2af49be35 - std::panicking::try::h395a878f3e4bd2f0
[INFO] [stderr]                                  at /rustc/e6e4f7ed1589e03bc2f6c5931c1a72e7947e8682/library/std/src/panicking.rs:464:19
[INFO] [stderr]     23:     0x55e2af49be35 - std::panic::catch_unwind::hb44b6ea043448d57
[INFO] [stderr]                                  at /rustc/e6e4f7ed1589e03bc2f6c5931c1a72e7947e8682/library/std/src/panic.rs:142:14
[INFO] [stderr]     24:     0x55e2af49be35 - std::rt::lang_start_internal::{{closure}}::h6184ba9e5b3e5fbf
[INFO] [stderr]                                  at /rustc/e6e4f7ed1589e03bc2f6c5931c1a72e7947e8682/library/std/src/rt.rs:148:48
[INFO] [stderr]     25:     0x55e2af49be35 - std::panicking::try::do_call::h8b2c97d4d3608274
[INFO] [stderr]                                  at /rustc/e6e4f7ed1589e03bc2f6c5931c1a72e7947e8682/library/std/src/panicking.rs:500:40
[INFO] [stderr]     26:     0x55e2af49be35 - std::panicking::try::hfa4cc536e097f1fe
[INFO] [stderr]                                  at /rustc/e6e4f7ed1589e03bc2f6c5931c1a72e7947e8682/library/std/src/panicking.rs:464:19
[INFO] [stderr]     27:     0x55e2af49be35 - std::panic::catch_unwind::ha3e2192625bb4844
[INFO] [stderr]                                  at /rustc/e6e4f7ed1589e03bc2f6c5931c1a72e7947e8682/library/std/src/panic.rs:142:14
[INFO] [stderr]     28:     0x55e2af49be35 - std::rt::lang_start_internal::hbd6687884d030770
[INFO] [stderr]                                  at /rustc/e6e4f7ed1589e03bc2f6c5931c1a72e7947e8682/library/std/src/rt.rs:148:20
[INFO] [stderr]     29:     0x55e2af3469b7 - std::rt::lang_start::hdaee36eb22b995d8
[INFO] [stderr]     30:     0x55e2af347ac5 - main
[INFO] [stderr]     31:     0x7f9f4d954d90 - <unknown>
[INFO] [stderr]     32:     0x7f9f4d954e40 - __libc_start_main
[INFO] [stderr]     33:     0x55e2af345ef5 - _start
[INFO] [stderr]     34:                0x0 - <unknown>
[INFO] [stderr] warning: build failed, waiting for other jobs to finish...
[INFO] [stderr] The following warnings were emitted during compilation:
[INFO] [stderr] 
[INFO] [stderr] warning: c++: fatal error: Killed signal terminated program cc1plus
[INFO] [stderr] warning: compilation terminated.
[INFO] [stderr] 
[INFO] [stderr] error: failed to run custom build command for `librocksdb-sys v6.20.3`
[INFO] [stderr] note: To improve backtraces for build dependencies, set the CARGO_PROFILE_DEV_BUILD_OVERRIDE_DEBUG=true environment variable to enable debug information generation.
[INFO] [stderr] 
[INFO] [stderr] Caused by:
[INFO] [stderr]   process didn't exit successfully: `/opt/rustwide/target/debug/build/librocksdb-sys-4b43add560b1c730/build-script-build` (exit status: 1)
[INFO] [stderr]   --- stdout
[INFO] [stderr]   cargo:rerun-if-changed=rocksdb/
[INFO] [stderr]   TARGET = Some("x86_64-unknown-linux-gnu")
[INFO] [stderr]   OPT_LEVEL = Some("0")
[INFO] [stderr]   HOST = Some("x86_64-unknown-linux-gnu")
[INFO] [stderr]   CXX_x86_64-unknown-linux-gnu = None
[INFO] [stderr]   CXX_x86_64_unknown_linux_gnu = None
[INFO] [stderr]   HOST_CXX = None
[INFO] [stderr]   CXX = None
[INFO] [stderr]   CXXFLAGS_x86_64-unknown-linux-gnu = None
[INFO] [stderr]   CXXFLAGS_x86_64_unknown_linux_gnu = None
[INFO] [stderr]   HOST_CXXFLAGS = None
[INFO] [stderr]   CXXFLAGS = None
[INFO] [stderr]   CRATE_CC_NO_DEFAULTS = None
[INFO] [stderr]   DEBUG = Some("true")
[INFO] [stderr]   CARGO_CFG_TARGET_FEATURE = Some("fxsr,sse,sse2")
[INFO] [stderr]   CXX_x86_64-unknown-linux-gnu = None
[INFO] [stderr]   CXX_x86_64_unknown_linux_gnu = None
[INFO] [stderr]   HOST_CXX = None
[INFO] [stderr]   CXX = None
[INFO] [stderr]   CXXFLAGS_x86_64-unknown-linux-gnu = None
[INFO] [stderr]   CXXFLAGS_x86_64_unknown_linux_gnu = None
[INFO] [stderr]   HOST_CXXFLAGS = None
[INFO] [stderr]   CXXFLAGS = None
[INFO] [stderr]   CRATE_CC_NO_DEFAULTS = None
[INFO] [stderr]   CARGO_CFG_TARGET_FEATURE = Some("fxsr,sse,sse2")
[INFO] [stderr]   running: "c++" "-O0" "-ffunction-sections" "-fdata-sections" "-fPIC" "-g" "-fno-omit-frame-pointer" "-m64" "-I" "rocksdb/include/" "-I" "rocksdb/" "-I" "rocksdb/third-party/gtest-1.8.1/fused-src/" "-I" "lz4/lib/" "-I" "." "-Wall" "-Wextra" "-std=c++11" "-Wno-unused-parameter" "-msse2" "-DLZ4=1" "-DNDEBUG=1" "-DOS_LINUX" "-DROCKSDB_PLATFORM_POSIX" "-DROCKSDB_LIB_IO_POSIX" "-DROCKSDB_SUPPORT_THREAD_LOCAL" "-o" "/opt/rustwide/target/debug/build/librocksdb-sys-b3a8c7c3214cfec6/out/rocksdb/cache/cache.o" "-c" "rocksdb/cache/cache.cc"
[INFO] [stderr]   exit status: 0
[INFO] [stderr]   running: "c++" "-O0" "-ffunction-sections" "-fdata-sections" "-fPIC" "-g" "-fno-omit-frame-pointer" "-m64" "-I" "rocksdb/include/" "-I" "rocksdb/" "-I" "rocksdb/third-party/gtest-1.8.1/fused-src/" "-I" "lz4/lib/" "-I" "." "-Wall" "-Wextra" "-std=c++11" "-Wno-unused-parameter" "-msse2" "-DLZ4=1" "-DNDEBUG=1" "-DOS_LINUX" "-DROCKSDB_PLATFORM_POSIX" "-DROCKSDB_LIB_IO_POSIX" "-DROCKSDB_SUPPORT_THREAD_LOCAL" "-o" "/opt/rustwide/target/debug/build/librocksdb-sys-b3a8c7c3214cfec6/out/rocksdb/cache/clock_cache.o" "-c" "rocksdb/cache/clock_cache.cc"
[INFO] [stderr]   exit status: 0
[INFO] [stderr]   running: "c++" "-O0" "-ffunction-sections" "-fdata-sections" "-fPIC" "-g" "-fno-omit-frame-pointer" "-m64" "-I" "rocksdb/include/" "-I" "rocksdb/" "-I" "rocksdb/third-party/gtest-1.8.1/fused-src/" "-I" "lz4/lib/" "-I" "." "-Wall" "-Wextra" "-std=c++11" "-Wno-unused-parameter" "-msse2" "-DLZ4=1" "-DNDEBUG=1" "-DOS_LINUX" "-DROCKSDB_PLATFORM_POSIX" "-DROCKSDB_LIB_IO_POSIX" "-DROCKSDB_SUPPORT_THREAD_LOCAL" "-o" "/opt/rustwide/target/debug/build/librocksdb-sys-b3a8c7c3214cfec6/out/rocksdb/cache/lru_cache.o" "-c" "rocksdb/cache/lru_cache.cc"
[INFO] [stderr]   running: "c++" "-O0" "-ffunction-sections" "-fdata-sections" "-fPIC" "-g" "-fno-omit-frame-pointer" "-m64" "-I" "rocksdb/include/" "-I" "rocksdb/" "-I" "rocksdb/third-party/gtest-1.8.1/fused-src/" "-I" "lz4/lib/" "-I" "." "-Wall" "-Wextra" "-std=c++11" "-Wno-unused-parameter" "-msse2" "-DLZ4=1" "-DNDEBUG=1" "-DOS_LINUX" "-DROCKSDB_PLATFORM_POSIX" "-DROCKSDB_LIB_IO_POSIX" "-DROCKSDB_SUPPORT_THREAD_LOCAL" "-o" "/opt/rustwide/target/debug/build/librocksdb-sys-b3a8c7c3214cfec6/out/rocksdb/cache/sharded_cache.o" "-c" "rocksdb/cache/sharded_cache.cc"
[INFO] [stderr]   exit status: 0
[INFO] [stderr]   running: "c++" "-O0" "-ffunction-sections" "-fdata-sections" "-fPIC" "-g" "-fno-omit-frame-pointer" "-m64" "-I" "rocksdb/include/" "-I" "rocksdb/" "-I" "rocksdb/third-party/gtest-1.8.1/fused-src/" "-I" "lz4/lib/" "-I" "." "-Wall" "-Wextra" "-std=c++11" "-Wno-unused-parameter" "-msse2" "-DLZ4=1" "-DNDEBUG=1" "-DOS_LINUX" "-DROCKSDB_PLATFORM_POSIX" "-DROCKSDB_LIB_IO_POSIX" "-DROCKSDB_SUPPORT_THREAD_LOCAL" "-o" "/opt/rustwide/target/debug/build/librocksdb-sys-b3a8c7c3214cfec6/out/rocksdb/db/arena_wrapped_db_iter.o" "-c" "rocksdb/db/arena_wrapped_db_iter.cc"
[INFO] [stderr]   exit status: 0
[INFO] [stderr]   running: "c++" "-O0" "-ffunction-sections" "-fdata-sections" "-fPIC" "-g" "-fno-omit-frame-pointer" "-m64" "-I" "rocksdb/include/" "-I" "rocksdb/" "-I" "rocksdb/third-party/gtest-1.8.1/fused-src/" "-I" "lz4/lib/" "-I" "." "-Wall" "-Wextra" "-std=c++11" "-Wno-unused-parameter" "-msse2" "-DLZ4=1" "-DNDEBUG=1" "-DOS_LINUX" "-DROCKSDB_PLATFORM_POSIX" "-DROCKSDB_LIB_IO_POSIX" "-DROCKSDB_SUPPORT_THREAD_LOCAL" "-o" "/opt/rustwide/target/debug/build/librocksdb-sys-b3a8c7c3214cfec6/out/rocksdb/db/blob/blob_file_addition.o" "-c" "rocksdb/db/blob/blob_file_addition.cc"
[INFO] [stderr]   exit status: 0
[INFO] [stderr]   running: "c++" "-O0" "-ffunction-sections" "-fdata-sections" "-fPIC" "-g" "-fno-omit-frame-pointer" "-m64" "-I" "rocksdb/include/" "-I" "rocksdb/" "-I" "rocksdb/third-party/gtest-1.8.1/fused-src/" "-I" "lz4/lib/" "-I" "." "-Wall" "-Wextra" "-std=c++11" "-Wno-unused-parameter" "-msse2" "-DLZ4=1" "-DNDEBUG=1" "-DOS_LINUX" "-DROCKSDB_PLATFORM_POSIX" "-DROCKSDB_LIB_IO_POSIX" "-DROCKSDB_SUPPORT_THREAD_LOCAL" "-o" "/opt/rustwide/target/debug/build/librocksdb-sys-b3a8c7c3214cfec6/out/rocksdb/db/blob/blob_file_builder.o" "-c" "rocksdb/db/blob/blob_file_builder.cc"
[INFO] [stderr]   running: "c++" "-O0" "-ffunction-sections" "-fdata-sections" "-fPIC" "-g" "-fno-omit-frame-pointer" "-m64" "-I" "rocksdb/include/" "-I" "rocksdb/" "-I" "rocksdb/third-party/gtest-1.8.1/fused-src/" "-I" "lz4/lib/" "-I" "." "-Wall" "-Wextra" "-std=c++11" "-Wno-unused-parameter" "-msse2" "-DLZ4=1" "-DNDEBUG=1" "-DOS_LINUX" "-DROCKSDB_PLATFORM_POSIX" "-DROCKSDB_LIB_IO_POSIX" "-DROCKSDB_SUPPORT_THREAD_LOCAL" "-o" "/opt/rustwide/target/debug/build/librocksdb-sys-b3a8c7c3214cfec6/out/rocksdb/db/blob/blob_file_cache.o" "-c" "rocksdb/db/blob/blob_file_cache.cc"
[INFO] [stderr]   exit status: 0
[INFO] [stderr]   running: "c++" "-O0" "-ffunction-sections" "-fdata-sections" "-fPIC" "-g" "-fno-omit-frame-pointer" "-m64" "-I" "rocksdb/include/" "-I" "rocksdb/" "-I" "rocksdb/third-party/gtest-1.8.1/fused-src/" "-I" "lz4/lib/" "-I" "." "-Wall" "-Wextra" "-std=c++11" "-Wno-unused-parameter" "-msse2" "-DLZ4=1" "-DNDEBUG=1" "-DOS_LINUX" "-DROCKSDB_PLATFORM_POSIX" "-DROCKSDB_LIB_IO_POSIX" "-DROCKSDB_SUPPORT_THREAD_LOCAL" "-o" "/opt/rustwide/target/debug/build/librocksdb-sys-b3a8c7c3214cfec6/out/rocksdb/db/blob/blob_file_garbage.o" "-c" "rocksdb/db/blob/blob_file_garbage.cc"
[INFO] [stderr]   running: "c++" "-O0" "-ffunction-sections" "-fdata-sections" "-fPIC" "-g" "-fno-omit-frame-pointer" "-m64" "-I" "rocksdb/include/" "-I" "rocksdb/" "-I" "rocksdb/third-party/gtest-1.8.1/fused-src/" "-I" "lz4/lib/" "-I" "." "-Wall" "-Wextra" "-std=c++11" "-Wno-unused-parameter" "-msse2" "-DLZ4=1" "-DNDEBUG=1" "-DOS_LINUX" "-DROCKSDB_PLATFORM_POSIX" "-DROCKSDB_LIB_IO_POSIX" "-DROCKSDB_SUPPORT_THREAD_LOCAL" "-o" "/opt/rustwide/target/debug/build/librocksdb-sys-b3a8c7c3214cfec6/out/rocksdb/db/blob/blob_file_meta.o" "-c" "rocksdb/db/blob/blob_file_meta.cc"
[INFO] [stderr]   exit status: 0
[INFO] [stderr]   exit status: 0
[INFO] [stderr]   exit status: 0
[INFO] [stderr]   running: "c++" "-O0" "-ffunction-sections" "-fdata-sections" "-fPIC" "-g" "-fno-omit-frame-pointer" "-m64" "-I" "rocksdb/include/" "-I" "rocksdb/" "-I" "rocksdb/third-party/gtest-1.8.1/fused-src/" "-I" "lz4/lib/" "-I" "." "-Wall" "-Wextra" "-std=c++11" "-Wno-unused-parameter" "-msse2" "-DLZ4=1" "-DNDEBUG=1" "-DOS_LINUX" "-DROCKSDB_PLATFORM_POSIX" "-DROCKSDB_LIB_IO_POSIX" "-DROCKSDB_SUPPORT_THREAD_LOCAL" "-o" "/opt/rustwide/target/debug/build/librocksdb-sys-b3a8c7c3214cfec6/out/rocksdb/db/blob/blob_file_reader.o" "-c" "rocksdb/db/blob/blob_file_reader.cc"
[INFO] [stderr]   exit status: 0
[INFO] [stderr]   running: "c++" "-O0" "-ffunction-sections" "-fdata-sections" "-fPIC" "-g" "-fno-omit-frame-pointer" "-m64" "-I" "rocksdb/include/" "-I" "rocksdb/" "-I" "rocksdb/third-party/gtest-1.8.1/fused-src/" "-I" "lz4/lib/" "-I" "." "-Wall" "-Wextra" "-std=c++11" "-Wno-unused-parameter" "-msse2" "-DLZ4=1" "-DNDEBUG=1" "-DOS_LINUX" "-DROCKSDB_PLATFORM_POSIX" "-DROCKSDB_LIB_IO_POSIX" "-DROCKSDB_SUPPORT_THREAD_LOCAL" "-o" "/opt/rustwide/target/debug/build/librocksdb-sys-b3a8c7c3214cfec6/out/rocksdb/db/blob/blob_log_format.o" "-c" "rocksdb/db/blob/blob_log_format.cc"
[INFO] [stderr]   running: "c++" "-O0" "-ffunction-sections" "-fdata-sections" "-fPIC" "-g" "-fno-omit-frame-pointer" "-m64" "-I" "rocksdb/include/" "-I" "rocksdb/" "-I" "rocksdb/third-party/gtest-1.8.1/fused-src/" "-I" "lz4/lib/" "-I" "." "-Wall" "-Wextra" "-std=c++11" "-Wno-unused-parameter" "-msse2" "-DLZ4=1" "-DNDEBUG=1" "-DOS_LINUX" "-DROCKSDB_PLATFORM_POSIX" "-DROCKSDB_LIB_IO_POSIX" "-DROCKSDB_SUPPORT_THREAD_LOCAL" "-o" "/opt/rustwide/target/debug/build/librocksdb-sys-b3a8c7c3214cfec6/out/rocksdb/db/blob/blob_log_sequential_reader.o" "-c" "rocksdb/db/blob/blob_log_sequential_reader.cc"
[INFO] [stderr]   running: "c++" "-O0" "-ffunction-sections" "-fdata-sections" "-fPIC" "-g" "-fno-omit-frame-pointer" "-m64" "-I" "rocksdb/include/" "-I" "rocksdb/" "-I" "rocksdb/third-party/gtest-1.8.1/fused-src/" "-I" "lz4/lib/" "-I" "." "-Wall" "-Wextra" "-std=c++11" "-Wno-unused-parameter" "-msse2" "-DLZ4=1" "-DNDEBUG=1" "-DOS_LINUX" "-DROCKSDB_PLATFORM_POSIX" "-DROCKSDB_LIB_IO_POSIX" "-DROCKSDB_SUPPORT_THREAD_LOCAL" "-o" "/opt/rustwide/target/debug/build/librocksdb-sys-b3a8c7c3214cfec6/out/rocksdb/db/blob/blob_log_writer.o" "-c" "rocksdb/db/blob/blob_log_writer.cc"
[INFO] [stderr]   exit status: 0
[INFO] [stderr]   running: "c++" "-O0" "-ffunction-sections" "-fdata-sections" "-fPIC" "-g" "-fno-omit-frame-pointer" "-m64" "-I" "rocksdb/include/" "-I" "rocksdb/" "-I" "rocksdb/third-party/gtest-1.8.1/fused-src/" "-I" "lz4/lib/" "-I" "." "-Wall" "-Wextra" "-std=c++11" "-Wno-unused-parameter" "-msse2" "-DLZ4=1" "-DNDEBUG=1" "-DOS_LINUX" "-DROCKSDB_PLATFORM_POSIX" "-DROCKSDB_LIB_IO_POSIX" "-DROCKSDB_SUPPORT_THREAD_LOCAL" "-o" "/opt/rustwide/target/debug/build/librocksdb-sys-b3a8c7c3214cfec6/out/rocksdb/db/builder.o" "-c" "rocksdb/db/builder.cc"
[INFO] [stderr]   exit status: 0
[INFO] [stderr]   exit status: 0
[INFO] [stderr]   exit status: 0
[INFO] [stderr]   cargo:warning=c++: fatal error: Killed signal terminated program cc1plus
[INFO] [stderr]   cargo:warning=compilation terminated.
[INFO] [stderr]   exit status: 1
[INFO] [stderr]   running: "c++" "-O0" "-ffunction-sections" "-fdata-sections" "-fPIC" "-g" "-fno-omit-frame-pointer" "-m64" "-I" "rocksdb/include/" "-I" "rocksdb/" "-I" "rocksdb/third-party/gtest-1.8.1/fused-src/" "-I" "lz4/lib/" "-I" "." "-Wall" "-Wextra" "-std=c++11" "-Wno-unused-parameter" "-msse2" "-DLZ4=1" "-DNDEBUG=1" "-DOS_LINUX" "-DROCKSDB_PLATFORM_POSIX" "-DROCKSDB_LIB_IO_POSIX" "-DROCKSDB_SUPPORT_THREAD_LOCAL" "-o" "/opt/rustwide/target/debug/build/librocksdb-sys-b3a8c7c3214cfec6/out/rocksdb/db/c.o" "-c" "rocksdb/db/c.cc"
[INFO] [stderr]   exit status: 0
[INFO] [stderr] 
[INFO] [stderr]   --- stderr
[INFO] [stderr]   error: 'rustfmt' is not installed for the toolchain 'e6e4f7ed1589e03bc2f6c5931c1a72e7947e8682'
[INFO] [stderr]   note: this is a custom toolchain, which cannot use `rustup component add`
[INFO] [stderr]   help: if you built this toolchain from source, and used `rustup toolchain link`, then you may be able to build the component with `x.py`
[INFO] [stderr]   Failed to run rustfmt: Internal rustfmt error (non-fatal, continuing)
[INFO] [stderr] 
[INFO] [stderr] 
[INFO] [stderr]   error occurred: Command "c++" "-O0" "-ffunction-sections" "-fdata-sections" "-fPIC" "-g" "-fno-omit-frame-pointer" "-m64" "-I" "rocksdb/include/" "-I" "rocksdb/" "-I" "rocksdb/third-party/gtest-1.8.1/fused-src/" "-I" "lz4/lib/" "-I" "." "-Wall" "-Wextra" "-std=c++11" "-Wno-unused-parameter" "-msse2" "-DLZ4=1" "-DNDEBUG=1" "-DOS_LINUX" "-DROCKSDB_PLATFORM_POSIX" "-DROCKSDB_LIB_IO_POSIX" "-DROCKSDB_SUPPORT_THREAD_LOCAL" "-o" "/opt/rustwide/target/debug/build/librocksdb-sys-b3a8c7c3214cfec6/out/rocksdb/db/builder.o" "-c" "rocksdb/db/builder.cc" with args "c++" did not execute successfully (status code exit status: 1).
[INFO] [stderr] 
[INFO] [stderr] 
[INFO] running `Command { std: "docker" "inspect" "906116d7d2c71e5e56ee32d52d04a36c916ceda08d0823a87684dd91e2dbfd3e", kill_on_drop: false }`
[INFO] running `Command { std: "docker" "rm" "-f" "906116d7d2c71e5e56ee32d52d04a36c916ceda08d0823a87684dd91e2dbfd3e", kill_on_drop: false }`
[INFO] [stdout] 906116d7d2c71e5e56ee32d52d04a36c916ceda08d0823a87684dd91e2dbfd3e
